What is the tens digit of 2382?
8
What is the thousands digit of 110917?
0
What is the units digit of 4020?
0
What is the hundreds digit of 15174?
1
What is the units digit of 203?
3
What is the tens digit of 2074?
7
What is the tens digit of 58141?
4
What is the units digit of 1348?
8
What is the units digit of 8020?
0
What is the thousands digit of 15240?
5
What is the thousands digit of 2404?
2
What is the hundreds digit of 15793?
7
What is the tens digit of 1636?
3
What is the hundreds digit of 4044?
0
What is the hundreds digit of 228?
2
What is the thousands digit of 1832?
1
What is the hundreds digit of 2538?
5
What is the hundreds digit of 1294?
2
What is the hundreds digit of 477?
4
What is the ten thousands digit of 26128?
2
What is the hundreds digit of 2062?
0
What is the units digit of 1416?
6
What is the hundreds digit of 58125?
1
What is the thousands digit of 38641?
8
What is the hundreds digit of 9894?
8
What is the tens digit of 6684?
8
What is the tens digit of 4506?
0
What is the ten thousands digit of 11794?
1
What is the thousands digit of 8874?
8
What is the units digit of 37599?
9
What is the units digit of 538?
8
What is the thousands digit of 5424?
5
What is the tens digit of 10237?
3
What is the hundreds digit of 5945?
9
What is the tens digit of 55268?
6
What is the tens digit of 1304?
0
What is the thousands digit of 2661?
2
What is the ten thousands digit of 39724?
3
What is the ten thousands digit of 63790?
6
What is the tens digit of 6758?
5
What is the tens digit of 101558?
5
What is the thousands digit of 106513?
6
What is the units digit of 19142?
2
What is the hundreds digit of 29192?
1
What is the units digit of 17196?
6
What is the units digit of 635?
5
What is the hundreds digit of 13811?
8
What is the hundreds digit of 330?
3
What is the hundreds digit of 13267?
2
What is the units digit of 29150?
0
What is the thousands digit of 11498?
1
What is the hundreds digit of 2829?
8
What is the ten thousands digit of 18451?
1
What is the tens digit of 11027?
2
What is the tens digit of 199?
9
What is the hundreds digit of 1954?
9
What is the tens digit of 1158?
5
What is the hundreds digit of 1661?
6
What is the ten thousands digit of 20742?
2
What is the ten thousands digit of 12760?
1
What is the tens digit of 132?
3
What is the tens digit of 39246?
4
What is the hundreds digit of 2695?
6
What is the hundreds digit of 2085?
0
What is the units digit of 357?
7
What is the hundreds digit of 235?
2
What is the units digit of 28370?
0
What is the units digit of 1006?
6
What is the tens digit of 271?
7
What is the hundreds digit of 22438?
4
What is the tens digit of 3843?
4
What is the tens digit of 2962?
6
What is the ten thousands digit of 12209?
1
What is the hundreds digit of 4195?
1
What is the tens digit of 1383?
8
What is the units digit of 321?
1
What is the hundreds digit of 782?
7
What is the hundreds digit of 823?
8
What is the hundreds digit of 2334?
3
What is the hundreds digit of 101316?
3
What is the units digit of 246?
6
What is the tens digit of 15185?
8
What is the tens digit of 20012?
1
What is the hundreds digit of 697?
6
What is the hundreds digit of 8067?
0
What is the thousands digit of 4951?
4
What is the ten thousands digit of 19367?
1
What is the units digit of 1594?
4
What is the hundreds digit of 1878?
8
What is the tens digit of 19?
1
What is the tens digit of 33490?
9
What is the tens digit of 3698?
9
What is the hundreds digit of 1180?
1
What is the units digit of 678?
8
What is the thousands digit of 55011?
5
What is the tens digit of 32898?
9
What is the tens digit of 4513?
1
What is the tens digit of 8582?
8
What is the ten thousands digit of 60334?
6
What is the thousands digit of 4807?
4
What is the ten thousands digit of 27740?
2
What is the hundreds digit of 993?
9
What is the tens digit of 3308?
0
What is the tens digit of 3126?
2
What is the units digit of 63196?
6
What is the hundreds digit of 11538?
5
What is the tens digit of 2713?
1
What is the tens digit of 92087?
8
What is the ten thousands digit of 62395?
6
What is the units digit of 15157?
7
What is the hundreds digit of 2914?
9
What is the units digit of 349?
9
What is the units digit of 2404?
4
What is the tens digit of 8690?
9
What is the tens digit of 9279?
7
What is the ten thousands digit of 25891?
2
What is the units digit of 91715?
5
What is the thousands digit of 3974?
3
What is the hundreds digit of 31444?
4
What is the hundreds digit of 16465?
4
What is the units digit of 27?
7
What is the units digit of 2531?
1
What is the tens digit of 21352?
5
What is the thousands digit of 20282?
0
What is the hundreds digit of 1684?
6
What is the units digit of 3796?
6
What is the thousands digit of 13842?
3
What is the tens digit of 14357?
5
What is the ten thousands digit of 34285?
3
What is the units digit of 569?
9
What is the units digit of 64473?
3
What is the tens digit of 42855?
5
What is the units digit of 2696?
6
What is the thousands digit of 35261?
5
What is the tens digit of 612?
1
What is the ten thousands digit of 11705?
1
What is the hundreds digit of 3185?
1
What is the units digit of 2200?
0
What is the hundreds digit of 7087?
0
What is the tens digit of 102970?
7
What is the ten thousands digit of 31294?
3
What is the ten thousands digit of 12951?
1
What is the hundreds digit of 15818?
8
What is the hundreds digit of 884?
8
What is the ten thousands digit of 12978?
1
What is the units digit of 9978?
8
What is the thousands digit of 24328?
4
What is the thousands digit of 2067?
2
What is the thousands digit of 9133?
9
What is the thousands digit of 86613?
6
What is the ten thousands digit of 62751?
6
What is the hundreds digit of 4768?
7
What is the ten thousands digit of 60550?
6
What is the units digit of 10304?
4
What is the units digit of 22404?
4
What is the units digit of 1683?
3
What is the units digit of 6386?
6
What is the hundreds digit of 650?
6
What is the units digit of 903?
3
What is the hundreds digit of 40610?
6
What is the units digit of 6463?
3
What is the units digit of 1731?
1
What is the units digit of 815?
5
What is the hundreds digit of 522?
5
What is the hundreds digit of 14831?
8
What is the hundreds digit of 2294?
2
What is the hundreds digit of 2195?
1
What is the units digit of 4529?
9
What is the hundreds digit of 4624?
6
What is the units digit of 7251?
1
What is the tens digit of 3891?
9
What is the ten thousands digit of 67265?
6
What is the hundreds digit of 4326?
3
What is the hundreds digit of 15596?
5
What is the hundreds digit of 32060?
0
What is the thousands digit of 3276?
3
What is the units digit of 17234?
4
What is the thousands digit of 25061?
5
What is the units digit of 641?
1
What is the thousands digit of 13012?
3
What is the units digit of 2879?
9
What is the hundreds digit of 365?
3
What is the units digit of 20656?
6
What is the tens digit of 134?
3
What is the ten thousands digit of 15584?
1
What is the units digit of 58323?
3
What is the units digit of 223?
3
What is the units digit of 57658?
8
What is the hundreds digit of 635?
6
What is the tens digit of 112702?
0
What is the hundreds digit of 11836?
8
What is the tens digit of 2087?
8
What is the hundreds digit of 1144?
1
What is the units digit of 2477?
7
What is the ten thousands digit of 14044?
1
What is the ten thousands digit of 41879?
4
What is the units digit of 520?
0
What is the tens digit of 48230?
3
What is the hundreds digit of 10687?
6
What is the units digit of 3116?
6
What is the units digit of 201?
1
What is the hundreds digit of 7378?
3
What is the ten thousands digit of 11750?
1
What is the units digit of 9407?
7
What is the hundreds digit of 703?
7
What is the hundreds digit of 5631?
6
What is the units digit of 2598?
8
What is the hundreds digit of 1365?
3
What is the tens digit of 1123?
2
What is the ten thousands digit of 21974?
2
What is the units digit of 21904?
4
What is the tens digit of 133640?
4
What is the thousands digit of 80688?
0
What is the thousands digit of 13826?
3
What is the hundreds digit of 591?
5
What is the thousands digit of 3655?
3
What is the thousands digit of 74648?
4
What is the hundreds digit of 518?
5
What is the tens digit of 10357?
5
What 